{"id":32,"date":"2020-07-28T10:41:29","date_gmt":"2020-07-28T10:41:29","guid":{"rendered":"https:\/\/cmremich.kundenportale.de\/?page_id=32"},"modified":"2021-06-10T09:30:11","modified_gmt":"2021-06-10T09:30:11","slug":"impressum","status":"publish","type":"page","link":"https:\/\/cmremich.lu\/index.php\/impressum\/","title":{"rendered":"Impressum"},"content":{"rendered":"<p>[et_pb_section fb_built=&#8220;1&#8243; _builder_version=&#8220;4.5.1&#8243; _module_preset=&#8220;default&#8220;][et_pb_row _builder_version=&#8220;4.5.1&#8243; _module_preset=&#8220;default&#8220;][et_pb_column type=&#8220;4_4&#8243; _builder_version=&#8220;4.5.1&#8243; _module_preset=&#8220;default&#8220;][et_pb_text _builder_version=&#8220;4.9.1&#8243; _module_preset=&#8220;default&#8220; hover_enabled=&#8220;0&#8243; sticky_enabled=&#8220;0&#8243;]<\/p>\n<h1><span style=\"font-size: x-large;\">Impressum<\/span><\/h1>\n<h2>Angaben gem\u00e4\u00df \u00a7 5 TMG<\/h2>\n<p>Centre M\u00e9dical Remich<br \/>34, Route de l\u2019Europe<br \/>L-5531 Remich<\/p>\n<p><strong>Vertreten durch:<\/strong><br \/>Christine M. Basel<br \/>Corinne Marx<br \/>Dr. med. Sylvia Rinneberg<\/p>\n<h2>Kontakt<\/h2>\n<p>Telefon: +352 46 23 55<br \/>E-Mail: info@cmremich.lu<\/p>\n<h2>Aufsichtsbeh\u00f6rde<\/h2>\n<p>Coll\u00e8ge m\u00e9dical<br \/>2, rue Albert 1er<br \/>L-1117 Luxembourg<br \/>T\u00e9l.: 20601101-20<br \/>info@collegemedical.lu<\/p>\n<p><a href=\"http:\/\/collegemedical.lu\/\" target=\"_blank\" rel=\"noopener noreferrer\">www.collegemedical.lu<\/a><\/p>\n<h2>Berufsbezeichnung und berufsrechtliche Regelungen<\/h2>\n<p>Berufsbezeichnung: M\u00e9decin g\u00e9n\u00e9raliste<br \/>Zust\u00e4ndige Kammer: Coll\u00e8ge m\u00e9dical<br \/>Verliehen in: Luxemburg<br \/>Es gelten folgende berufsrechtliche Regelungen: Dispositions communes pour les m\u00e9decins<br \/>Regelungen einsehbar unter: <a href=\"http:\/\/collegemedical.lu\/\" target=\"_blank\" rel=\"noopener noreferrer\">www.collegemedical.lu<\/a><\/p>\n<h2>Angaben zur Berufshaftpflichtversicherung<\/h2>\n<p><strong>Name und Sitz des Versicherers:<\/strong><br \/>LALUX Assurances (La Luxembourgeoise)<br \/>9, Rue Jean Fischbach<br \/>L-3372 Leudelange<\/p>\n<p><strong>Geltungsraum der Versicherung:<\/strong><br \/>Luxemburg<\/p>\n<h2>EU-Streitschlichtung<\/h2>\n<p>Die Europ\u00e4ische Kommission stellt eine Plattform zur Online-Streitbeilegung (OS) bereit: <a href=\"https:\/\/ec.europa.eu\/consumers\/odr\" target=\"_blank\" rel=\"noopener noreferrer\">https:\/\/ec.europa.eu\/consumers\/odr<\/a>.<br \/>Unsere E-Mail-Adresse finden Sie oben im Impressum.<\/p>\n<h2>Verbraucher\u00adstreit\u00adbeilegung\/Universal\u00adschlichtungs\u00adstelle<\/h2>\n<p>Wir sind nicht bereit oder verpflichtet, an Streitbeilegungsverfahren vor einer Verbraucherschlichtungsstelle teilzunehmen.<\/p>\n<h3>Haftung f\u00fcr Inhalte<\/h3>\n<p>Als Diensteanbieter sind wir gem\u00e4\u00df \u00a7 7 Abs.1 TMG f\u00fcr eigene Inhalte auf diesen Seiten nach den allgemeinen Gesetzen verantwortlich. Nach \u00a7\u00a7 8 bis 10 TMG sind wir als Diensteanbieter jedoch nicht verpflichtet, \u00fcbermittelte oder gespeicherte fremde Informationen zu \u00fcberwachen oder nach Umst\u00e4nden zu forschen, die auf eine rechtswidrige T\u00e4tigkeit hinweisen.<\/p>\n<p>Verpflichtungen zur Entfernung oder Sperrung der Nutzung von Informationen nach den allgemeinen Gesetzen bleiben hiervon unber\u00fchrt. Eine diesbez\u00fcgliche Haftung ist jedoch erst ab dem Zeitpunkt der Kenntnis einer konkreten Rechtsverletzung m\u00f6glich. Bei Bekanntwerden von entsprechenden Rechtsverletzungen werden wir diese Inhalte umgehend entfernen.<\/p>\n<h3>Haftung f\u00fcr Links<\/h3>\n<p>Unser Angebot enth\u00e4lt Links zu externen Websites Dritter, auf deren Inhalte wir keinen Einfluss haben. Deshalb k\u00f6nnen wir f\u00fcr diese fremden Inhalte auch keine Gew\u00e4hr \u00fcbernehmen. F\u00fcr die Inhalte der verlinkten Seiten ist stets der jeweilige Anbieter oder Betreiber der Seiten verantwortlich. Die verlinkten Seiten wurden zum Zeitpunkt der Verlinkung auf m\u00f6gliche Rechtsverst\u00f6\u00dfe \u00fcberpr\u00fcft. Rechtswidrige Inhalte waren zum Zeitpunkt der Verlinkung nicht erkennbar.<\/p>\n<p>Eine permanente inhaltliche Kontrolle der verlinkten Seiten ist jedoch ohne konkrete Anhaltspunkte einer Rechtsverletzung nicht zumutbar. Bei Bekanntwerden von Rechtsverletzungen werden wir derartige Links umgehend entfernen.<\/p>\n<h3>Urheberrecht<\/h3>\n<p>Die durch die Seitenbetreiber erstellten Inhalte und Werke auf diesen Seiten unterliegen dem deutschen Urheberrecht. Die Vervielf\u00e4ltigung, Bearbeitung, Verbreitung und jede Art der Verwertung au\u00dferhalb der Grenzen des Urheberrechtes bed\u00fcrfen der schriftlichen Zustimmung des jeweiligen Autors bzw. Erstellers. Downloads und Kopien dieser Seite sind nur f\u00fcr den privaten, nicht kommerziellen Gebrauch gestattet.<\/p>\n<p>Soweit die Inhalte auf dieser Seite nicht vom Betreiber erstellt wurden, werden die Urheberrechte Dritter beachtet. Insbesondere werden Inhalte Dritter als solche gekennzeichnet. Sollten Sie trotzdem auf eine Urheberrechtsverletzung aufmerksam werden, bitten wir um einen entsprechenden Hinweis. Bei Bekanntwerden von Rechtsverletzungen werden wir derartige Inhalte umgehend entfernen.<\/p>\n<h3>Bildnachweise:<\/h3>\n<p>Elegant Themes\u00a0<\/p>\n<p>Fotos: CM Remich<\/p>\n<h1><span style=\"font-size: x-large;\">Site Notice<\/span><\/h1>\n<h2>Information pursuant to Sect. 5 German Telemedia Act (TMG)<\/h2>\n<p>Centre M\u00e9dical Remich<br \/>34, Route de l\u2019Europe<br \/>L-5531 Remich<\/p>\n<p><strong>Represented by:<\/strong><br \/>Christine M. Basel<br \/>Corinne Marx<br \/>Dr. med. Sylvia Rinneberg<\/p>\n<h2>Contact<\/h2>\n<p>Phone: +352 46 23 55<br \/>E-mail: info@cmremich.lu<\/p>\n<h2>Supervisory authority<\/h2>\n<p>Coll\u00e8ge m\u00e9dical<br \/>2, rue Albert 1er<br \/>L-1117 Luxembourg<br \/>T\u00e9l.: 20601101-20<br \/>info@collegemedical.lu<\/p>\n<p><a href=\"http:\/\/collegemedical.lu\/\" target=\"_blank\" rel=\"noopener noreferrer\">www.collegemedical.lu\/<\/a><\/p>\n<h2>Job title and professional regulations<\/h2>\n<p>Job title: M\u00e9decin g\u00e9n\u00e9raliste<br \/>Competent chamber: Coll\u00e8ge m\u00e9dical<br \/>Authorisation granted in: Luxemburg<br \/>The following professional regulations apply: Dispositions communes pour les m\u00e9decins<br \/>Regulations available at: <a href=\"http:\/\/collegemedical.lu\/\" target=\"_blank\" rel=\"noopener noreferrer\">www.collegemedical.lu\/<\/a><\/p>\n<h2>Information regarding professional liability insurance<\/h2>\n<p><strong>Name and registered office of the insurer:<\/strong><br \/>LALUX Assurances (La Luxembourgeoise)<br \/>9, Rue Jean Fischbach<br \/>L-3372 Leudelange<\/p>\n<p><strong>Scope of insurance:<\/strong><br \/>Luxembourg<\/p>\n<h2>EU dispute resolution<\/h2>\n<p>The European Commission provides a platform for online dispute resolution (ODR): <a href=\"https:\/\/ec.europa.eu\/consumers\/odr\" target=\"_blank\" rel=\"noopener noreferrer\">https:\/\/ec.europa.eu\/consumers\/odr<\/a>.<br \/>Our e-mail address can be found above in the site notice.<\/p>\n<h2>Dispute resolution proceedings in front of a consumer arbitration board<\/h2>\n<p>We are not willing or obliged to participate in dispute resolution proceedings in front of a consumer arbitration board.<\/p>\n<h3>Liability for Contents<\/h3>\n<p>As service providers, we are liable for own contents of these websites according to Paragraph 7, Sect. 1 German Telemedia Act (TMG). However, according to Paragraphs 8 to 10 German Telemedia Act (TMG), service providers are not obligated to permanently monitor submitted or stored information or to search for evidences that indicate illegal activities.<\/p>\n<p>Legal obligations to removing information or to blocking the use of information remain unchallenged. In this case, liability is only possible at the time of knowledge about a specific violation of law. Illegal contents will be removed immediately at the time we get knowledge of them.<\/p>\n<h3>Liability for Links<\/h3>\n<p>Our offer includes links to external third-party websites. We have no influence on the contents of those websites, therefore we cannot guarantee for those contents. Providers or administrators of linked websites are always responsible for their own contents.<\/p>\n<p>The linked websites had been checked for possible violations of law at the time of the establishment of the link. Illegal contents were not detected at the time of the linking. A permanent monitoring of the contents of linked websites cannot be imposed without reasonable indications that there has been a violation of law. Illegal links will be removed immediately at the time we get knowledge of them.<\/p>\n<h3>Copyright<\/h3>\n<p>Contents and compilations published on these websites by the providers are subject to German copyright laws. Reproduction, editing, distribution as well as the use of any kind outside the scope of the copyright law require a written permission of the author or originator. Downloads and copies of these websites are permitted for private use only.<br \/>The commercial use of our contents without permission of the originator is prohibited.<\/p>\n<p>Copyright laws of third parties are respected as long as the contents on these websites do not originate from the provider. Contributions of third parties on this site are indicated as such. However, if you notice any violations of copyright law, please inform us. Such contents will be removed immediately.<\/p>\n<h3>Picture Credits:<\/h3>\n<p>Elegant Themes\u00a0<\/p>\n<p>Photos: CM Remich<\/p>\n<p>[\/et_pb_text][\/et_pb_column][\/et_pb_row][\/et_pb_section]<\/p>\n","protected":false},"excerpt":{"rendered":"<p>Impressum Angaben gem\u00e4\u00df \u00a7 5 TMG Centre M\u00e9dical Remich34, Route de l\u2019EuropeL-5531 Remich Vertreten durch:Christine M. BaselCorinne MarxDr. med. Sylvia Rinneberg Kontakt Telefon: +352 46 23 55E-Mail: info@cmremich.lu Aufsichtsbeh\u00f6rde Coll\u00e8ge m\u00e9dical2, rue Albert 1erL-1117 LuxembourgT\u00e9l.: 20601101-20info@collegemedical.lu www.collegemedical.lu Berufsbezeichnung und berufsrechtliche Regelungen Berufsbezeichnung: M\u00e9decin g\u00e9n\u00e9ralisteZust\u00e4ndige Kammer: Coll\u00e8ge m\u00e9dicalVerliehen in: LuxemburgEs gelten folgende berufsrechtliche Regelungen: Dispositions communes [&hellip;]<\/p>\n","protected":false},"author":1,"featured_media":0,"parent":0,"menu_order":0,"comment_status":"closed","ping_status":"closed","template":"","meta":{"_et_pb_use_builder":"on","_et_pb_old_content":"","_et_gb_content_width":"","footnotes":""},"class_list":["post-32","page","type-page","status-publish","hentry"],"yoast_head":"<!-- This site is optimized with the Yoast SEO plugin v27.5 - https:\/\/yoast.com\/product\/yoast-seo-wordpress\/ -->\n<title>Impressum - Centre M\u00e9dical Remich<\/title>\n<meta name=\"robots\" content=\"index, follow, max-snippet:-1, max-image-preview:large, max-video-preview:-1\" \/>\n<link rel=\"canonical\" href=\"https:\/\/cmremich.lu\/index.php\/impressum\/\" \/>\n<meta property=\"og:locale\" content=\"de_DE\" \/>\n<meta property=\"og:type\" content=\"article\" \/>\n<meta property=\"og:title\" content=\"Impressum - Centre M\u00e9dical Remich\" \/>\n<meta property=\"og:description\" content=\"Impressum Angaben gem\u00e4\u00df \u00a7 5 TMG Centre M\u00e9dical Remich34, Route de l\u2019EuropeL-5531 Remich Vertreten durch:Christine M. BaselCorinne MarxDr. med. Sylvia Rinneberg Kontakt Telefon: +352 46 23 55E-Mail: info@cmremich.lu Aufsichtsbeh\u00f6rde Coll\u00e8ge m\u00e9dical2, rue Albert 1erL-1117 LuxembourgT\u00e9l.: 20601101-20info@collegemedical.lu www.collegemedical.lu Berufsbezeichnung und berufsrechtliche Regelungen Berufsbezeichnung: M\u00e9decin g\u00e9n\u00e9ralisteZust\u00e4ndige Kammer: Coll\u00e8ge m\u00e9dicalVerliehen in: LuxemburgEs gelten folgende berufsrechtliche Regelungen: Dispositions communes [&hellip;]\" \/>\n<meta property=\"og:url\" content=\"https:\/\/cmremich.lu\/index.php\/impressum\/\" \/>\n<meta property=\"og:site_name\" content=\"Centre M\u00e9dical Remich\" \/>\n<meta property=\"article:modified_time\" content=\"2021-06-10T09:30:11+00:00\" \/>\n<meta name=\"twitter:card\" content=\"summary_large_image\" \/>\n<meta name=\"twitter:label1\" content=\"Gesch\u00e4tzte Lesezeit\" \/>\n\t<meta name=\"twitter:data1\" content=\"5\u00a0Minuten\" \/>\n<script type=\"application\/ld+json\" class=\"yoast-schema-graph\">{\"@context\":\"https:\\\/\\\/schema.org\",\"@graph\":[{\"@type\":\"WebPage\",\"@id\":\"https:\\\/\\\/cmremich.lu\\\/index.php\\\/impressum\\\/\",\"url\":\"https:\\\/\\\/cmremich.lu\\\/index.php\\\/impressum\\\/\",\"name\":\"Impressum - Centre M\u00e9dical Remich\",\"isPartOf\":{\"@id\":\"https:\\\/\\\/cmremich.lu\\\/#website\"},\"datePublished\":\"2020-07-28T10:41:29+00:00\",\"dateModified\":\"2021-06-10T09:30:11+00:00\",\"breadcrumb\":{\"@id\":\"https:\\\/\\\/cmremich.lu\\\/index.php\\\/impressum\\\/#breadcrumb\"},\"inLanguage\":\"de\",\"potentialAction\":[{\"@type\":\"ReadAction\",\"target\":[\"https:\\\/\\\/cmremich.lu\\\/index.php\\\/impressum\\\/\"]}]},{\"@type\":\"BreadcrumbList\",\"@id\":\"https:\\\/\\\/cmremich.lu\\\/index.php\\\/impressum\\\/#breadcrumb\",\"itemListElement\":[{\"@type\":\"ListItem\",\"position\":1,\"name\":\"Home\",\"item\":\"https:\\\/\\\/cmremich.lu\\\/\"},{\"@type\":\"ListItem\",\"position\":2,\"name\":\"Impressum\"}]},{\"@type\":\"WebSite\",\"@id\":\"https:\\\/\\\/cmremich.lu\\\/#website\",\"url\":\"https:\\\/\\\/cmremich.lu\\\/\",\"name\":\"Centre M\u00e9dical Remich\",\"description\":\"\u00c4rzteteam Remich\",\"potentialAction\":[{\"@type\":\"SearchAction\",\"target\":{\"@type\":\"EntryPoint\",\"urlTemplate\":\"https:\\\/\\\/cmremich.lu\\\/?s={search_term_string}\"},\"query-input\":{\"@type\":\"PropertyValueSpecification\",\"valueRequired\":true,\"valueName\":\"search_term_string\"}}],\"inLanguage\":\"de\"}]}<\/script>\n<!-- \/ Yoast SEO plugin. -->","yoast_head_json":{"title":"Impressum - Centre M\u00e9dical Remich","robots":{"index":"index","follow":"follow","max-snippet":"max-snippet:-1","max-image-preview":"max-image-preview:large","max-video-preview":"max-video-preview:-1"},"canonical":"https:\/\/cmremich.lu\/index.php\/impressum\/","og_locale":"de_DE","og_type":"article","og_title":"Impressum - Centre M\u00e9dical Remich","og_description":"Impressum Angaben gem\u00e4\u00df \u00a7 5 TMG Centre M\u00e9dical Remich34, Route de l\u2019EuropeL-5531 Remich Vertreten durch:Christine M. BaselCorinne MarxDr. med. Sylvia Rinneberg Kontakt Telefon: +352 46 23 55E-Mail: info@cmremich.lu Aufsichtsbeh\u00f6rde Coll\u00e8ge m\u00e9dical2, rue Albert 1erL-1117 LuxembourgT\u00e9l.: 20601101-20info@collegemedical.lu www.collegemedical.lu Berufsbezeichnung und berufsrechtliche Regelungen Berufsbezeichnung: M\u00e9decin g\u00e9n\u00e9ralisteZust\u00e4ndige Kammer: Coll\u00e8ge m\u00e9dicalVerliehen in: LuxemburgEs gelten folgende berufsrechtliche Regelungen: Dispositions communes [&hellip;]","og_url":"https:\/\/cmremich.lu\/index.php\/impressum\/","og_site_name":"Centre M\u00e9dical Remich","article_modified_time":"2021-06-10T09:30:11+00:00","twitter_card":"summary_large_image","twitter_misc":{"Gesch\u00e4tzte Lesezeit":"5\u00a0Minuten"},"schema":{"@context":"https:\/\/schema.org","@graph":[{"@type":"WebPage","@id":"https:\/\/cmremich.lu\/index.php\/impressum\/","url":"https:\/\/cmremich.lu\/index.php\/impressum\/","name":"Impressum - Centre M\u00e9dical Remich","isPartOf":{"@id":"https:\/\/cmremich.lu\/#website"},"datePublished":"2020-07-28T10:41:29+00:00","dateModified":"2021-06-10T09:30:11+00:00","breadcrumb":{"@id":"https:\/\/cmremich.lu\/index.php\/impressum\/#breadcrumb"},"inLanguage":"de","potentialAction":[{"@type":"ReadAction","target":["https:\/\/cmremich.lu\/index.php\/impressum\/"]}]},{"@type":"BreadcrumbList","@id":"https:\/\/cmremich.lu\/index.php\/impressum\/#breadcrumb","itemListElement":[{"@type":"ListItem","position":1,"name":"Home","item":"https:\/\/cmremich.lu\/"},{"@type":"ListItem","position":2,"name":"Impressum"}]},{"@type":"WebSite","@id":"https:\/\/cmremich.lu\/#website","url":"https:\/\/cmremich.lu\/","name":"Centre M\u00e9dical Remich","description":"\u00c4rzteteam Remich","potentialAction":[{"@type":"SearchAction","target":{"@type":"EntryPoint","urlTemplate":"https:\/\/cmremich.lu\/?s={search_term_string}"},"query-input":{"@type":"PropertyValueSpecification","valueRequired":true,"valueName":"search_term_string"}}],"inLanguage":"de"}]}},"_links":{"self":[{"href":"https:\/\/cmremich.lu\/index.php\/wp-json\/wp\/v2\/pages\/32","targetHints":{"allow":["GET"]}}],"collection":[{"href":"https:\/\/cmremich.lu\/index.php\/wp-json\/wp\/v2\/pages"}],"about":[{"href":"https:\/\/cmremich.lu\/index.php\/wp-json\/wp\/v2\/types\/page"}],"author":[{"embeddable":true,"href":"https:\/\/cmremich.lu\/index.php\/wp-json\/wp\/v2\/users\/1"}],"replies":[{"embeddable":true,"href":"https:\/\/cmremich.lu\/index.php\/wp-json\/wp\/v2\/comments?post=32"}],"version-history":[{"count":9,"href":"https:\/\/cmremich.lu\/index.php\/wp-json\/wp\/v2\/pages\/32\/revisions"}],"predecessor-version":[{"id":1751,"href":"https:\/\/cmremich.lu\/index.php\/wp-json\/wp\/v2\/pages\/32\/revisions\/1751"}],"wp:attachment":[{"href":"https:\/\/cmremich.lu\/index.php\/wp-json\/wp\/v2\/media?parent=32"}],"curies":[{"name":"wp","href":"https:\/\/api.w.org\/{rel}","templated":true}]}}